e ((-4 - 13) + 5)*(-21)/9. Calculate the greatest common factor of g and 16.
4
Suppose 0 = -3*j - 63 + 189. What is the highest common factor of 28 and j?
14
Suppose -4 + 13 = 3*o. Let x be -25*((-12)/(-5) - o). Suppose x + 9 = 2*r. What is the highest common divisor of r and 132?
12
Let z(h) = 16*h**2. Let l be z(-1). What is the highest common divisor of l and 8?
8
Let o(r) = 4*r**2 + r + 4. Suppose 0 = -i + 2*i - 4. Let x be o(i). Suppose -3*p = 5*w - 34, 4 = p - 3*p. What is the highest common factor of w and x?
8
Let j be ((-36)/10)/((-3)/10). Let w(z) = -z**2 + z + 2. Let a be w(2). Suppose a = 3*q - 170 - 154. Calculate the highest common divisor of q and j.
12
Suppose -d = 4*w + 2*d - 96, 7 = w + 5*d. Calculate the highest common factor of 9 and w.
9
Suppose 5*j - 5*o = 5, 3*o + 1 = 3*j - 2*o. Suppose a = j*a - 5. Suppose 160 = 3*b + b. Calculate the highest common factor of b and a.
5
Suppose 36 = q + q. Let k = 9 + q. What is the highest common factor of 3 and k?
3
Let d(c) = -4*c + 1. Let j(y) = 4*y - 1. Let g(m) = -5*d(m) - 4*j(m). Let f be g(2). Calculate the greatest common factor of 49 and f.
7
Suppose -221 = -6*n - 65. What is the highest common factor of n and 13?
13
Let f(t) = -2*t**2 - 12*t - 10. Let s be f(-4). Calculate the highest common factor of s and 18.
6
Suppose -5*v - 34 = -4*b, -b + 2*v + 2*v = -14. Let u be (3/(-9))/((-2)/b). What is the greatest common factor of 8 and u?
1
Suppose -4*g - g + 165 = 0. What is the highest common factor of 11 and g?
11
Let x(d) = d**3 - 5*d**2 + 1. Let j be x(5). Let f = -62 + 38. Let q = f + 35. What is the highest common divisor of j and q?
1
Let m = 17 - 14. Let q(x) = -2*x + 6. Let s(a) = -2*a + 7. Let f(p) = 6*q(p) - 5*s(p). Let v be f(-1). What is the greatest common factor of m and v?
3
Let h(b) = b**2 - 3. Let i(z) = z**3 + 7*z**2 - 6*z + 11. Let a be i(-8). Let u be h(a). Calculate the greatest common divisor of 33 and u.
11
Let z(n) = n + 35. Let u be z(-10). Calculate the highest common factor of u and 50.
25
Let t(w) = -w**3 + w**2 + w - 40. Let s be t(0). Let o = 0 - s. Suppose 0 = -0*f + 2*f - 20. Calculate the greatest common divisor of o and f.
10
Let h = -33 + 110. Suppose -3*p + p + 64 = 0. Let t = -21 + p. Calculate the highest common factor of h and t.
11
Suppose v - 48 = 39. What is the highest common divisor of v and 58?
29
Suppose -5*s - 4*v + 283 = 0, 2*v - 7*v - 210 = -4*s. Calculate the greatest common divisor of s and 22.
11
Let p = 8 - 2. Suppose -5*r + p*r - 1 = 0. Calculate the greatest common divisor of r and 2.
1
Suppose -b + 17 = 2*k, -k - b = -3 - 3. Let p be 119 + (-2 + (-15)/(-6))*4. What is the greatest common factor of p and k?
11
Let m be 9948/20 - 4/10. Suppose -m - 119 = -4*x. Let b = -7 - -21. What is the highest common divisor of b and x?
14
Let k(l) = 14*l - 46. Let s be k(4). What is the greatest common divisor of s and 10?
10
Suppose -64 = -3*p + 5*v, -3*p + 62 = p - 2*v. Calculate the highest common divisor of p and 143.
13
Suppose -3*q = q - 56. Suppose -2*h = f - 0*f - 92, -4*h + 3*f = -194. Let j = 145 - h. Calculate the highest common divisor of j and q.
14
Suppose 26 = -q - 5*f, 4*q - f = -0*q + 1. Let m be q/((-621)/(-309) - 2). Let k = m + 166. Calculate the highest common divisor of 9 and k.
9
Let t = -2 + 6. Suppose -f - t*f = 5. Let x = f - -2. Calculate the highest common divisor of x and 9.
1
Suppose 0 = 4*v - 2*m - 40, -3*v - m + 14 + 16 = 0. Suppose -4*i = -13 - 3. Calculate the greatest common divisor of i and v.
2
Let x = 168 + -88. Let s be 24/10*(-120)/(-9). What is the greatest common factor of s and x?
16
Let j = 1 + 5. Let x(z) = z**3 + 10*z**2 - 13*z + 2. Let d be x(-11). What is the highest common factor of d and j?
6
Suppose -5*t - s + 356 = -0*s, 3*t - 4*s - 232 = 0. Let k be ((-16)/(-6) + 0)/((-1)/(-3)). What is the greatest common factor of t and k?
8
Let g(q) = 2*q**3 - 3*q**2 - 5*q + 6. Let i be (-3)/(-7)*(-35)/(-5). Let p be g(i). Calculate the highest common factor of p and 3.
3
Let t = -56 - -58. Calculate the highest common factor of 5 and t.
1
Let a be 0 - 0 - 468/(-2). Calculate the greatest common divisor of a and 26.
26
Let v be ((-18)/4)/((-9)/18). Calculate the greatest common divisor of v and 45.
9
Suppose 0 = 3*t - 2*t - 39. Calculate the greatest common divisor of t and 26.
13
Suppose -23*y = -17*y - 60. What is the greatest common divisor of y and 110?
10
Suppose -5*g + 3*g + 5*i + 36 = 0, -5*g = -3*i - 52. Let u be 12/(1 - 4) + 28. Calculate the highest common divisor of u and g.
8
Let p(a) = 25*a**2 - a - 1. Let x be p(-1). Calculate the greatest common divisor of x and 25.
25
Let v(j) be the first derivative of 0 + j**2 + 0 - 2*j**2 - 2 + 2*j. Let w be v(-9). What is the highest common factor of w and 30?
10
Let m = 27 - -33. What is the highest common divisor of m and 20?
20
Let t(b) be the first derivative of 5*b**2/2 - 6*b + 1. Let m be t(5). Calculate the highest common factor of 38 and m.
19
Let n be ((-4)/(-1))/(4/26). Suppose 4*p - 4*w - 428 = 0, p + w - 119 = 6*w. What is the greatest common factor of n and p?
26
Suppose 4*m + p = 42 + 4, 3*p = m - 18. Calculate the greatest common divisor of 3 and m.
3
Suppose 4*x - 72 = -b, 0*x + 2*b = -5*x + 93. Suppose -27 = -m + x. Calculate the highest common factor of 4 and m.
4
Let j be ((-12)/10)/((-6)/40). Suppose 0*f = 2*f - 144. Calculate the highest common factor of f and j.
8
Let q be -66*5/(45/(-12)). What is the greatest common divisor of 11 and q?
11
Suppose -6*t = 4*y - t - 623, -5*y + 4*t = -830. Calculate the greatest common factor of 27 and y.
27
Let q(n) = n + 11. Let o be q(-9). Suppose -o*a + 20 + 16 = 0. Calculate the highest common divisor of a and 45.
9
Let y = -3 + 2. Let u be y/(-2) + 55/10. Suppose -s + 26 = 2*s + 5*o, 6 = -5*s + 4*o. What is the highest common factor of u and s?
2
Suppose 4*v - 3*v = 2, 3*h + 5*v - 10 = 0. Suppose z - 16 + 2 = h. Calculate the greatest common divisor of 28 and z.
14
Let a(j) = 5*j**2 + 9*j - 6. Let p be a(4). Calculate the highest common divisor of 10 and p.
10
Let d be 2/8 + (-179)/(-4). Calculate the highest common divisor of 9 and d.
9
Let a(n) = -n**2 + 11*n + 32. Let m be a(13). Calculate the highest common factor of 24 and m.
6
Suppose -5*y + 12 + 68 = 0. Calculate the greatest common divisor of 208 and y.
16
Suppose 9*j - 4*j = 40. Calculate the greatest common divisor of 88 and j.
8
Let c be (1/(-2))/((-3)/18). Suppose 4*t = -z + 451, -216 = -c*t + 3*z + 111. Suppose 0 = r - 0 - 16. What is the highest common divisor of t and r?
16
Let j(i) = i**3 - 14*i**2 + i - 8. Let d be j(14). Suppose g + d + 18 = 2*z, -3*z + 5*g + 22 = 0. What is the highest common factor of 35 and z?
7
Let y(w) = -w - 3. Suppose 4*b = -b - 35. Let k be y(b). Calculate the greatest common factor of 28 and k.
4
Suppose 0 = k + 13 - 27. What is the greatest common factor of k and 42?
14
Let u(l) = 19*l + 6. Let s be u(6). What is the greatest common divisor of 15 and s?
15
Let n(o) = 20*o**2 + o. Let x be n(1). Let h(l) = -l**2 - 22*l - 33. Let a be h(-20). Calculate the highest common factor of x and a.
7
Suppose -t + 6*t - 425 = 0. Suppose 4*o = 5*k - t, 4*k - 47 = 3*o - 4*o. What is the greatest common divisor of k and 52?
13
Let s(c) = -4*c - 2. Let x be s(-2). Suppose -2*a = -x - 4. Suppose i = -a*t + 70, 2*i - 57 - 18 = -5*t. What is the highest common factor of t and 117?
13
Let t be (1 + -3)*(-10)/5. Suppose 2*d - 5*f - 214 = -t*f, -f + 104 = d. Let a be (0/1 - -2) + d. What is the highest common factor of 12 and a?
12
Let j = 25 + -20. What is the greatest common divisor of j and 5?
5
Let y(q) = 12*q + 2. Let l be y(1). Calculate the highest common factor of l and 14.
14
Suppose -20 - 20 = -2*y. Calculate the greatest common divisor of 30 and y.
10
Let l(m) = 2*m**2 - 4*m + 14. Let a be l(-6). What is the greatest common factor of 10 and a?
10
Let z be 8/(-1 + (-2 - -5)). Let b be (-5 - -3)/(z/(-38)). Let p(d) = d**3 + 6*d**2 + 2*d - 5. Let m be p(-4). What is the greatest common factor of m and b?
19
Let l(q) = -q**2 - 9*q - 6. Let r be l(-7). What is the greatest common factor of 4 and r?
4
Let t be 5/3 + -1 - 608/(-24). What is the highest common factor of t and 78?
26
Let r(o) = -1. Let g(y